/(u - 1)*-3. What is the units digit of 20 - (-2 + z + 3)?
2
Let u(r) = -r - 5 + 3*r + 3*r + 2*r**2. Let o be u(-5). Suppose -4*y + 24 = -o. What is the units digit of y?
1
Suppose -5*f - 5*b = -1780, 0*b = 5*f - 5*b - 1780. What is the hundreds digit of f?
3
What is the tens digit of 16/(-24) - -1*(-677)/(-3)?
2
Suppose -h + 4*h + 5*t - 1440 = 0, -t + 953 = 2*h. Suppose 83 + h = 6*v. What is the tens digit of v?
9
Let q(r) = 6*r**3 - 3*r**2 + 6*r - 26. What is the tens digit of q(8)?
0
Let x = 267 + -144. Suppose -x = -f - 4*p, 0 = 3*f - 0*f - p - 369. What is the tens digit of f?
2
Let r = -99 + 182. What is the units digit of r?
3
Suppose -6*x + 36 = -5*x. Suppose -4*n - x = -7*n. Suppose 0 = -5*j - 5*p + 105, p + 18 = 2*j - n. What is the tens digit of j?
1
Let o(s) = 2*s - 9. Let j be o(7). Suppose -j*a = -6 - 9. Suppose 0 = -t - 4*t - a*g + 155, 20 = 4*g. What is the tens digit of t?
2
Suppose -5*l = -4*q + 2*q + 8, -5*l + 3*q - 12 = 0. Suppose 2*x + 4*x - 678 = l. What is the units digit of x?
3
Suppose -22*s = 8919 + 5337. Let q = -339 - s. What is the units digit of q?
9
Let n = 125 - 69. Suppose n = 5*p - 4. Let l = -4 + p. What is the units digit of l?
8
Let g be (-18)/(-171) + (-496)/19. Let q = g + 65. What is the tens digit of q?
3
Let z(v) = 10*v**2 - 5*v + 74. What is the hundreds digit of z(12)?
4
What is the tens digit of 14*41/2*(-7 - -8)?
8
Let c(j) = -j**3 + 12*j**2 - 9*j - 6. Let n be c(11). What is the units digit of (-8)/(n/6) + 60?
7
Suppose 0 = 2*c - 15 + 57. Let j = 52 + c. What is the tens digit of j?
3
Suppose -5*z + 3*x + 21 = -3, 0 = 5*z - 2*x - 21. Suppose n - 3 = -3*w + z*n, 0 = -2*w + n + 3. Suppose -w*o + o + 2 = 0. What is the units digit of o?
1
What is the units digit of 2/((-2)/5)*1 - -126?
1
Let r = 52 + -43. Suppose z - r = 157. What is the hundreds digit of z?
1
Suppose 5*s + 0*a + 2*a - 40 = 0, -a = 0. Suppose -6*c = -2*u - s*c + 426, 4*u + 2*c - 850 = 0. What is the units digit of u?
2
Suppose -2*c - 3 = -3*c + t, 3*c - 19 = -2*t. Suppose -2*u + 31 = -0*u + f, c*f - 5 = 0. What is the units digit of u?
5
Suppose -871 = 10*t - 3301. What is the tens digit of t?
4
Suppose 0 = -35*t + 1493 - 58. What is the units digit of t?
1
Let v(d) be the third derivative of d**6/120 - d**5/15 + d**4/6 - d**3/6 - 4*d**2. Let c be v(3). Suppose 50 = 2*u - c. What is the tens digit of u?
2
Suppose 36*p - 3326 = 34*p. What is the thousands digit of p?
1
Suppose -5*n + 2347 - 600 = 2*x, 3*x + 1044 = 3*n. What is the hundreds digit of n?
3
Suppose 2*b + 770 = 7*b. Let u = b - 70. Suppose 0 = -3*r + 2*t + 63, -3*t = -2*r - 2*r + u. What is the tens digit of r?
2
Let j = 6 - 2. Suppose 6 = -3*t - j*z + 8*z, 0 = -4*t - z + 11. Suppose -t*l = -3*f - 20, -2*l = -0*l + 3*f - 44. What is the tens digit of l?
1
Let h(c) = -c**3 + 13*c**2 - 11*c - 10. Let w be h(12). Suppose w*b - y = 143 + 6, 88 = b + 4*y. What is the units digit of b?
6
Let o = -2336 + -69. What is the units digit of o/(-40) + 2/(-16)?
0
What is the hundreds digit of 1094/((-5)/(30/(-12)))?
5
Let m(s) = s**3 - 9*s**2 + 4*s - 6. Let y be m(7). Let v = -18 - y. What is the tens digit of v?
5
Let a = -96 - -241. What is the tens digit of a?
4
Suppose -7*p - 9 = -268. Let c = 48 - p. What is the units digit of 4/(-22) + 596/c?
4
Suppose -2*y - 2*y - 2*x + 1288 = 0, -4*y = 4*x - 1284. What is the units digit of y?
3
What is the hundreds digit of 4 + -5 - (1*-2 + -399)?
4
Let w(m) = m**3 - 10*m**2 - 7*m - 93. What is the tens digit of w(15)?
2
Suppose -2*o + 24 = o. Suppose v - o = -v. Suppose v*p - 48 = 5*d, 0*p = p + d - 3. What is the units digit of p?
7
Suppose 2*y - 2 = -14. What is the units digit of (-417)/y - 3/(-6)?
0
Let z = 41 + -57. Let y be 350/(-4)*z/20. Suppose -5*w = 2*x - 52 - y, -x = 5*w - 121. What is the tens digit of w?
2
Let x(n) = -n + 0 - 3 - 14 - n. What is the units digit of x(-10)?
3
Suppose 0 = 2*c - 19 - 15. Suppose c*p = 7*p + 170. What is the tens digit of p?
1
Suppose 1 = 4*x - 15. What is the units digit of 52 - (x/(-3))/(22/(-33))?
0
Suppose -3*d - 3 = p + 10, 2*p + 6 = -2*d. Suppose 3*b = p*b. Suppose w - 1 - 2 = b. What is the units digit of w?
3
What is the thousands digit of 387/2*418/57?
1
Suppose -4*z - z + 30 = r, -4*z + 5*r - 5 = 0. Suppose 5*u + m - 42 = 542, 3*m = 12. Suppose -u = -z*v + 99. What is the units digit of v?
3
Let f be 1/(-1)*(-1 - -5). Let s = f + 10. Let g = s - -6. What is the units digit of g?
2
Suppose -p - 49 = f, 3*p + 10 = -4*f - 188. Let d = f + 65. What is the units digit of d?
4
Let j be 912/5 + 3/5. Suppose v = -4*f + 1236, f + j = v + 492. What is the units digit of f?
9
Let j(h) = -h**3 - 9*h**2 - 8*h - 2. Let v = -9 + 0. Let c be j(v). Suppose 24*n = 23*n + c. What is the tens digit of n?
7
Suppose -7*r - 19*r = -1560. What is the tens digit of r?
6
Let z = -164 - -456. What is the units digit of z?
2
Suppose 7*t = 3*t - 3*g - 316, 4*g = -3*t - 237. Let q = t - -156. What is the units digit of q?
7
Let x = 14 + -13. Suppose 3*u - 2*n - 25 = 0, 2*u - n - x - 14 = 0. Suppose -65 = 3*k - 3*j - 185, -u*k + 176 = 3*j. What is the units digit of k?
7
Suppose -21 = j + 3*j + h, -5*h = 2*j + 15. Let l = j - -212. What is the tens digit of l?
0
What is the units digit of ((-281)/4)/(86/(-344))?
1
Suppose 17*y - 2310 = 14*y. What is the hundreds digit of y?
7
Let u(y) = -y**3 - y - 2. Let c be u(-1). Suppose v - 25 = -k, -5*v + 67 = 3*k - c*v. What is the units digit of k?
9
Let q be -4 - -1*(16 + 1). Suppose 0 = -x - 11 + q. Suppose 2*l = 4*j + l - 90, 0 = -x*l + 4. What is the tens digit of j?
2
Suppose -2 = -4*f - 2*j, 0 = -f - 3*j - j - 10. Let r(v) = 4 + 6*v + v**f + 4 + 10*v. What is the units digit of r(-16)?
8
Let f(n) = 4*n - 19. Let r be f(6). Suppose r*v = v + 460. What is the hundreds digit of v?
1
Let v = 26 + -14. What is the tens digit of 0 + v/(-18)*(0 + -54)?
3
Let s(h) = h**2 - 7*h + 1. Let g be s(7). Suppose 4*z = g + 7. Suppose 0 = 5*q - z*q - 15. What is the units digit of q?
5
Let d = -15 - -20. Let z = d - 11. What is the units digit of (20/z)/((-28)/42)?
5
What is the tens digit of ((-22000)/(10 + -2))/(1 + -2)?
5
Let x(v) = 5*v - 8. Let t be x(8). Suppose -t*c + 31*c = -3. What is the units digit of c?
3
Let y = 614 + 736. What is the units digit of y?
0
Suppose 0 = -3*h + j + 4, 2*h + 2*h - 7 = 3*j. What is the tens digit of 64/6 + 3 + h/3?
1
Let n(h) = -2*h + 5. Let o be n(5). Let t(l) = -13*l - 6. What is the tens digit of t(o)?
5
Let z(d) = 9*d**2 + 38*d + 6. What is the tens digit of z(-11)?
7
Let d be 0 + 1 - (16 - 5). Let s be 225/(-6)*148/(-6). What is the tens digit of (8/(-10))/(d/s)?
7
Suppose 0 = 7*n + 1849 - 5741. What is the units digit of n?
6
Let s be (1 - -1)/(1/(-4)). Let z = -2 - s. Let l(h) = 3*h - 1. What is the units digit of l(z)?
7
Let o be (-3 - 246/(-78)) + 386/26. Suppose 11 - 86 = -o*c. What is the units digit of c?
5
Let m(t) = 24*t**2 - 25*t + 226. What is the thousands digit of m(7)?
1
What is the tens digit of (-31828)/(-44)*6 + 68/(-374)?
4
Let k = -121 - -126. What is the units digit of 0 - (k - (124 - 1))?
8
Suppose 4*c = q - 21, 5 + 11 = 4*q + c. Suppose -5*z - 65 = -q*j, 0 = z - 6*z + 5. Let s = 47 - j. What is the units digit of s?
3
Suppose -16*u + 6303 - 1263 = 0. What is the units digit of u?
5
What is the thousands digit of -4*3076/(-8)*(17 - 15)?
3
Let i = -5794 + 8374. What is the thousands digit of i?
2
Let v be 7 + (4 - 20/4). Let i = v - -32. What is the tens digit of i?
3
Suppose 4*r - 25 = -5*w - 131, 3*w + 54 = -2*r. Suppose 5*z - 4*c + 9*c - 170 = 0, 0 = -4*z - 5*c + 132. Let a = z + r. What is the tens digit of a?
1
Suppose 0 = -2*w - 6*w + 672. Suppose -2*a - 86 = -4*t + a, w = 4*t - 2*a. What is the tens digit of t?
2
What is the units digit of 2 - (-1770)/20*4?
6
Suppose -130*i + 209560 = -68*i. What is the hundreds digit of i?
3
Let c = 1236 + -399. What is the units digit of c?
7
Let h be (-4)/14 + ((-94)/14 - -4). What is the tens digit of -3*(8/h + 3) + 12?
1
Let v = -288 + 441. What is the tens digit of v?
5
Let y(w) = w - 14. Let c(j) = 2*j - 15. Let v(u) = 2*c(u) - 3*y(u). Suppose 7*n - 4*l = 10*n - 64, -2*n + 48 = 4*l. What is the units digit of v(n)?
8
Suppose 0 = -4*f + 2*j + 4, -3*j = 2*f - 21 + 3. Let g be 5 + 